{"version":"1.0","provider_name":"MuSe - Internationales Musikfestival Seelze","provider_url":"https:\/\/www.musefestival.de","author_name":"Robert Leschik","author_url":"https:\/\/www.musefestival.de\/index.php\/author\/robert_leschik\/","title":"Die Stars von morgen &#187; MuSe - Internationales Musikfestival Seelze","type":"rich","width":600,"height":338,"html":"<blockquote class=\"wp-embedded-content\" data-secret=\"R2ykwUBE3E\"><a href=\"https:\/\/www.musefestival.de\/index.php\/2025\/02\/26\/die-stars-von-morgen\/\">Die Stars von morgen<\/a><\/blockquote><iframe sandbox=\"allow-scripts\" security=\"restricted\" src=\"https:\/\/www.musefestival.de\/index.php\/2025\/02\/26\/die-stars-von-morgen\/embed\/#?secret=R2ykwUBE3E\" width=\"600\" height=\"338\" title=\"&#8222;Die Stars von morgen&#8220; &#8211; MuSe - Internationales Musikfestival Seelze\" data-secret=\"R2ykwUBE3E\" frameborder=\"0\" marginwidth=\"0\" marginheight=\"0\" scrolling=\"no\" class=\"wp-embedded-content\"><\/iframe><script type=\"text\/javascript\">\n\/* <![CDATA[ *\/\n\/*! This file is auto-generated *\/\n!function(d,l){\"use strict\";l.querySelector&&d.addEventListener&&\"undefined\"!=typeof URL&&(d.wp=d.wp||{},d.wp.receiveEmbedMessage||(d.wp.receiveEmbedMessage=function(e){var t=e.data;if((t||t.secret||t.message||t.value)&&!\/[^a-zA-Z0-9]\/.test(t.secret)){for(var s,r,n,a=l.querySelectorAll('iframe[data-secret=\"'+t.secret+'\"]'),o=l.querySelectorAll('blockquote[data-secret=\"'+t.secret+'\"]'),c=new RegExp(\"^https?:$\",\"i\"),i=0;i<o.length;i++)o[i].style.display=\"none\";for(i=0;i<a.length;i++)s=a[i],e.source===s.contentWindow&&(s.removeAttribute(\"style\"),\"height\"===t.message?(1e3<(r=parseInt(t.value,10))?r=1e3:~~r<200&&(r=200),s.height=r):\"link\"===t.message&&(r=new URL(s.getAttribute(\"src\")),n=new URL(t.value),c.test(n.protocol))&&n.host===r.host&&l.activeElement===s&&(d.top.location.href=t.value))}},d.addEventListener(\"message\",d.wp.receiveEmbedMessage,!1),l.addEventListener(\"DOMContentLoaded\",function(){for(var e,t,s=l.querySelectorAll(\"iframe.wp-embedded-content\"),r=0;r<s.length;r++)(t=(e=s[r]).getAttribute(\"data-secret\"))||(t=Math.random().toString(36).substring(2,12),e.src+=\"#?secret=\"+t,e.setAttribute(\"data-secret\",t)),e.contentWindow.postMessage({message:\"ready\",secret:t},\"*\")},!1)))}(window,document);\n\/\/# sourceURL=https:\/\/www.musefestival.de\/wp-includes\/js\/wp-embed.min.js\n\/* ]]> *\/\n<\/script>\n","thumbnail_url":"https:\/\/www.musefestival.de\/wp-content\/uploads\/2025\/02\/Gesangsklasse.jpg","thumbnail_width":567,"thumbnail_height":318,"description":"Studenten der Gesangklasse von Prof. Marek Rzepka sind Profi-S\u00e4nger, die ihr K\u00f6nnen bei einem der besten Professoren weltweit ihre Ausbildung vertiefen. Es war ein Herzenswunsch dem MuSe-Publikum die fantastischen jungen K\u00fcnstler zu pr\u00e4sentieren. Marek Rzepka wurde in Miko\u0142\u00f3w (Polen) geboren. Der gelernte Bergmann gewann 1989 beim Ko\u0142obrzeg-Festival den ersten Preis und begann daraufhin seine Gesangsausbildung in Krakau bei Prof. Adam Szybowski. Nach dem Wechsel an die Hochschule f\u00fcr Musik in Dresden studierte er bei Prof. Christian El\u00dfner. Er schloss sein Studium mit Auszeichnung ab und absolvierte die Meisterklasse der Dresdner Musikhochschule. Meisterkurse bei Brigitte Fassbaender, Teresa \u017bylis-Gara, Peter Schreier, Thomas Quasthoff und Charles Spencer erg\u00e4nzten seine Ausbildung. Seine p\u00e4dagogische T\u00e4tigkeit begann er im Jahr 1998 an der Musikhochschule in Dresden. Seit 2001 lehrte er an der Hochschule f\u00fcr Musik in Leipzig und seit 2009 an der Musikhochschule in Krakau. Im Juli 2015 wurde er als Professor nach Bremen berufen. Es folgte im November 2016 der Ruf an die HMTM in Hannover, wo er eine Gesangsprofessur innehat. Seine Studenten und Absolventen singen an vielen bedeutenden Opern- und Konzertb\u00fchnen der ganzen Welt. Neben seiner p\u00e4dagogischen T\u00e4tigkeit konzertiert Marek Rzepka selbst weiterhin auf wichtigen Konzert- und Opernb\u00fchnen der ganzen Welt."}

Studenten der Gesangklasse von Prof. Marek Rzepka sind Profi-Sänger, die ihr Können bei einem der besten Professoren weltweit ihre Ausbildung vertiefen. Es war ein Herzenswunsch dem MuSe-Publikum die fantastischen jungen Künstler zu präsentieren. Marek Rzepka wurde in Mikołów (Polen) geboren. Der gelernte Bergmann gewann 1989 beim Kołobrzeg-Festival den ersten Preis und begann daraufhin seine Gesangsausbildung in Krakau bei Prof. Adam Szybowski. Nach dem Wechsel an die Hochschule für Musik in Dresden studierte er bei Prof. Christian Elßner. Er schloss sein Studium mit Auszeichnung ab und absolvierte die Meisterklasse der Dresdner Musikhochschule. Meisterkurse bei Brigitte Fassbaender, Teresa Żylis-Gara, Peter Schreier, Thomas Quasthoff und Charles Spencer ergänzten seine Ausbildung. Seine pädagogische Tätigkeit begann er im Jahr 1998 an der Musikhochschule in Dresden. Seit 2001 lehrte er an der Hochschule für Musik in Leipzig und seit 2009 an der Musikhochschule in Krakau. Im Juli 2015 wurde er als Professor nach Bremen berufen. Es folgte im November 2016 der Ruf an die HMTM in Hannover, wo er eine Gesangsprofessur innehat. Seine Studenten und Absolventen singen an vielen bedeutenden Opern- und Konzertbühnen der ganzen Welt. Neben seiner pädagogischen Tätigkeit konzertiert Marek Rzepka selbst weiterhin auf wichtigen Konzert- und Opernbühnen der ganzen Welt.
