{"version":"1.0","provider_name":"MuSe - Internationales Musikfestival Seelze","provider_url":"https:\/\/www.musefestival.de","author_name":"Robert Leschik","author_url":"https:\/\/www.musefestival.de\/index.php\/author\/robert_leschik\/","title":"DSGVO DATENSCHUTZERKL\u00c4RUNG &#187; MuSe - Internationales Musikfestival Seelze","type":"rich","width":600,"height":338,"html":"<blockquote class=\"wp-embedded-content\" data-secret=\"mYBhoJYijw\"><a href=\"https:\/\/www.musefestival.de\/index.php\/dsgvo-datenschutzerklaerung\/\">DSGVO DATENSCHUTZERKL\u00c4RUNG<\/a><\/blockquote><iframe sandbox=\"allow-scripts\" security=\"restricted\" src=\"https:\/\/www.musefestival.de\/index.php\/dsgvo-datenschutzerklaerung\/embed\/#?secret=mYBhoJYijw\" width=\"600\" height=\"338\" title=\"&#8222;DSGVO DATENSCHUTZERKL\u00c4RUNG&#8220; &#8211; MuSe - Internationales Musikfestival Seelze\" data-secret=\"mYBhoJYijw\" frameborder=\"0\" marginwidth=\"0\" marginheight=\"0\" scrolling=\"no\" class=\"wp-embedded-content\"><\/iframe><script type=\"text\/javascript\">\n\/* <![CDATA[ *\/\n\/*! This file is auto-generated *\/\n!function(d,l){\"use strict\";l.querySelector&&d.addEventListener&&\"undefined\"!=typeof URL&&(d.wp=d.wp||{},d.wp.receiveEmbedMessage||(d.wp.receiveEmbedMessage=function(e){var t=e.data;if((t||t.secret||t.message||t.value)&&!\/[^a-zA-Z0-9]\/.test(t.secret)){for(var s,r,n,a=l.querySelectorAll('iframe[data-secret=\"'+t.secret+'\"]'),o=l.querySelectorAll('blockquote[data-secret=\"'+t.secret+'\"]'),c=new RegExp(\"^https?:$\",\"i\"),i=0;i<o.length;i++)o[i].style.display=\"none\";for(i=0;i<a.length;i++)s=a[i],e.source===s.contentWindow&&(s.removeAttribute(\"style\"),\"height\"===t.message?(1e3<(r=parseInt(t.value,10))?r=1e3:~~r<200&&(r=200),s.height=r):\"link\"===t.message&&(r=new URL(s.getAttribute(\"src\")),n=new URL(t.value),c.test(n.protocol))&&n.host===r.host&&l.activeElement===s&&(d.top.location.href=t.value))}},d.addEventListener(\"message\",d.wp.receiveEmbedMessage,!1),l.addEventListener(\"DOMContentLoaded\",function(){for(var e,t,s=l.querySelectorAll(\"iframe.wp-embedded-content\"),r=0;r<s.length;r++)(t=(e=s[r]).getAttribute(\"data-secret\"))||(t=Math.random().toString(36).substring(2,12),e.src+=\"#?secret=\"+t,e.setAttribute(\"data-secret\",t)),e.contentWindow.postMessage({message:\"ready\",secret:t},\"*\")},!1)))}(window,document);\n\/\/# sourceURL=https:\/\/www.musefestival.de\/wp-includes\/js\/wp-embed.min.js\n\/* ]]> *\/\n<\/script>\n","description":"Allgemeine Datenschutzerkl\u00e4rung Durch die Nutzung unserer Website erkl\u00e4ren Sie sich mit der Erhebung, Verarbeitung und Nutzung von Daten gem\u00e4\u00df der nachfolgenden Beschreibung einverstanden. Unsere Website kann grunds\u00e4tzlich ohne Registrierung besuchtContinue reading","thumbnail_url":"https:\/\/www.musefestival.de\/wp-content\/uploads\/2021\/06\/Homepage-Logo150.jpg","thumbnail_width":150,"thumbnail_height":150}

DSGVO DATENSCHUTZERKLÄRUNG &#187; MuSe - Internationales Musikfestival Seelze

<blockquote class="wp-embedded-content" data-secret="mYBhoJYijw"><a href="https://www.musefestival.de/index.php/dsgvo-datenschutzerklaerung/">DSGVO DATENSCHUTZERKLÄRUNG</a></blockquote><iframe sandbox="allow-scripts" security="restricted" src="https://www.musefestival.de/index.php/dsgvo-datenschutzerklaerung/embed/#?secret=mYBhoJYijw" width="600" height="338" title="&#8222;DSGVO DATENSCHUTZERKLÄRUNG&#8220; &#8211; MuSe - Internationales Musikfestival Seelze" data-secret="mYBhoJYijw" frameborder="0" marginwidth="0" marginheight="0" scrolling="no" class="wp-embedded-content"></iframe><script type="text/javascript">
/* <![CDATA[ */
/*! This file is auto-generated */
!function(d,l){"use strict";l.querySelector&&d.addEventListener&&"undefined"!=typeof URL&&(d.wp=d.wp||{},d.wp.receiveEmbedMessage||(d.wp.receiveEmbedMessage=function(e){var t=e.data;if((t||t.secret||t.message||t.value)&&!/[^a-zA-Z0-9]/.test(t.secret)){for(var s,r,n,a=l.querySelectorAll('iframe[data-secret="'+t.secret+'"]'),o=l.querySelectorAll('blockquote[data-secret="'+t.secret+'"]'),c=new RegExp("^https?:$","i"),i=0;i<o.length;i++)o[i].style.display="none";for(i=0;i<a.length;i++)s=a[i],e.source===s.contentWindow&&(s.removeAttribute("style"),"height"===t.message?(1e3<(r=parseInt(t.value,10))?r=1e3:~~r<200&&(r=200),s.height=r):"link"===t.message&&(r=new URL(s.getAttribute("src")),n=new URL(t.value),c.test(n.protocol))&&n.host===r.host&&l.activeElement===s&&(d.top.location.href=t.value))}},d.addEventListener("message",d.wp.receiveEmbedMessage,!1),l.addEventListener("DOMContentLoaded",function(){for(var e,t,s=l.querySelectorAll("iframe.wp-embedded-content"),r=0;r<s.length;r++)(t=(e=s[r]).getAttribute("data-secret"))||(t=Math.random().toString(36).substring(2,12),e.src+="#?secret="+t,e.setAttribute("data-secret",t)),e.contentWindow.postMessage({message:"ready",secret:t},"*")},!1)))}(window,document);
//# sourceURL=https://www.musefestival.de/wp-includes/js/wp-embed.min.js
/* ]]> */
</script>

Allgemeine Datenschutzerklärung Durch die Nutzung unserer Website erklären Sie sich mit der Erhebung, Verarbeitung und Nutzung von Daten gemäß der nachfolgenden Beschreibung einverstanden. Unsere Website kann grundsätzlich ohne Registrierung besuchtContinue reading
